e prime factors of (9 - 5688/(-32))/(3/64).
2, 3, 83
Suppose -15*r - 8138 = -19*r + 2*o, -4066 = -2*r + 2*o. What are the prime factors of r?
2, 509
Suppose -b - 4*b + 5*s + 18955 = 0, 3*b - 5*s - 11381 = 0. List the prime factors of b.
7, 541
Let r be (-44)/(-10) + 14/(-35). Suppose -12*a + 784 = -r*a. List the prime factors of a.
2, 7
Suppose -8*o + 70 = -6*o. Let u = o - 37. What are the prime factors of u - (2 - 18/3)?
2
Let h = -162 - -534. List the prime factors of h.
2, 3, 31
Let t(m) = -2*m**3 - m - 1. Let k be t(-1). Suppose 0*p - p = k*g - 31, -4*p = -5*g - 137. List the prime factors of (4 - p)*(0 + -1).
29
Let z(c) = 104*c**2. Suppose -38*w + 34*w + 4 = 0. List the prime factors of z(w).
2, 13
Suppose 0 = -m - 4*r + 2101, 5*m + 2*r - 6617 = 3942. What are the prime factors of m?
2113
Suppose -5*o - 84 = 1. Let w = o + 34. List the prime factors of w.
17
Suppose 2*f = -4*f - 54. List the prime factors of 26 + 2 + f + 4.
23
Let n = -14 + 16. Let a(w) = 41*w + 6. What are the prime factors of a(n)?
2, 11
Let g = -52 + 56. Suppose a + 3*a = u - 32, g*a = -u + 24. What are the prime factors of u?
2, 7
Suppose -4*h - 2125 = 13*h. Let p = h - -388. What are the prime factors of p?
263
Let j(s) = -37*s**2 + 363*s - 1. List the prime factors of j(4).
859
Suppose -22*q + 26*q + 4*l = 2716, 2741 = 4*q - l. What are the prime factors of q?
2, 3, 19
Let z(p) = 9*p**2 - 106*p + 1408. List the prime factors of z(14).
2, 211
What are the prime factors of 1*-5*12/30 - -609?
607
Suppose -o - 3*l = l + 2, 0 = -5*l + 5. Let k be ((-20)/8)/(3/o). Suppose -q - 92 = -4*q - s, -k*s = -25. What are the prime factors of q?
29
Suppose 143*q - 145*q + 2634 = 0. List the prime factors of q.
3, 439
Let t(o) = -o**2 - 5*o + 8. Let a be t(-7). Let h(b) = -b**3 - 2*b**2 + 5*b. Let l be h(a). Let j = -79 + l. List the prime factors of j.
5, 7
Let p(f) = f**3 + 9*f**2 + 3*f - 6. Let v be ((-8)/6)/((-2)/(-48)*4). What are the prime factors of p(v)?
2, 17
Suppose -213 = -24*d + 21*d. Let b = 108 - d. What are the prime factors of b?
37
Suppose 4*m - 56 = 660. Suppose -8*h = 3 - m. List the prime factors of h.
2, 11
Let x = -3 - -26. Let q = x - 23. Suppose y = -q + 5. What are the prime factors of y?
5
Let p = 11569 + -8143. What are the prime factors of p?
2, 3, 571
Let r(n) = -7*n**2 - 8*n - 13. Let x(g) = 3*g**2 + 4*g + 7. Let c(w) = -2*r(w) - 5*x(w). Let h be c(-6). Let u = 29 + h. What are the prime factors of u?
2
Let s be ((-6)/7)/((2 - -2)/(-252)). Let q = s - 25. List the prime factors of q.
29
Suppose -7*h - 37*h = -13552. List the prime factors of h.
2, 7, 11
Let b(k) = -26 - 15*k - 41*k + 29 + 13*k. What are the prime factors of b(-1)?
2, 23
Suppose -4*m + 28 + 4 = 0. Suppose 5*y + 7 = 2*k - m, -4*y + k = 9. Let a(n) = -16*n. List the prime factors of a(y).
2
Let g be (6 - 3) + (-2 - 2). Let q be -6 + ((-2)/g - 6). Let d = q - -27. List the prime factors of d.
17
Let v(j) be the first derivative of 2*j**2 + 2*j + 2. Suppose -2*c + 6 = 3*u, -3*u - 5*c - 4 = -1. List the prime factors of v(u).
2, 3
Let l(c) = -7*c**2 - 8*c - 13. Let o(j) = j**2 + 1. Let i(q) = l(q) + 6*o(q). Let b be i(-7). Suppose -k - 2*k + 30 = b. What are the prime factors of k?
2, 5
Let u(c) = -2*c + 45. Let h be u(20). Let a(g) = g**3 - 4*g**2 + 5*g - 8. List the prime factors of a(h).
2, 3, 7
Let o(m) = 17*m - 94. List the prime factors of o(8).
2, 3, 7
Let b(q) = -q**3 + 26*q**2 + 16*q + 24. What are the prime factors of b(26)?
2, 5, 11
Suppose 0 = 3*z - 4*z + 4. Suppose -5*x + 4*x + 7 = c, 7 = 3*c - z*x. List the prime factors of c.
5
Suppose -9*z = -47*z + 73454. List the prime factors of z.
1933
Let c = -36 - -39. Suppose n + i - 96 = 0, -170 = c*n - 3*i - 476. List the prime factors of n.
3, 11
Suppose 13*d - 5592 + 1315 = 0. What are the prime factors of d?
7, 47
Let q(s) = -3*s - 9. Let l be q(-8). Suppose 395 = 20*b - l*b. What are the prime factors of b?
79
Let f = 65 + -68. List the prime factors of ((-3)/f)/(6/654).
109
Suppose 4*m = 5*m - 2, -3*b + m = -4582. What are the prime factors of b?
2, 191
Let h be 8/3*(-348)/16. Let i = -12 - h. What are the prime factors of i?
2, 23
Suppose -5*g + 3*g + 4 = 0. Let s be 3/g*(-12)/(-9). Suppose -s*k - 72 - 12 = -5*b, -5*b + 90 = -5*k. List the prime factors of b.
2
Let t be 1 + -32 + 2 + -3. Let a(o) = o**2 + 18*o - 105. Let l be a(-21). Let j = t - l. What are the prime factors of j?
2, 5
Let k be (-316)/6 - (-1)/(-3). Let x = -75 - k. Let z = x + 58. List the prime factors of z.
2, 3
Let z = 24 + -20. Suppose -c + 2 = p - 9, -12 = -z*c. Let f = p - -1. List the prime factors of f.
3
Suppose -3*d + 326 - 8 = 0. What are the prime factors of d?
2, 53
Let q = -785 + 1378. Let p = -335 + q. List the prime factors of p.
2, 3, 43
Suppose -15*k - 4*a + 7940 = -11*k, -2*k + 5*a + 3942 = 0. What are the prime factors of k?
7, 283
Let l be (-2 - 3)/(2 + -1). Let g be 3 + l + -1 - -32. Let h = 44 - g. List the prime factors of h.
3, 5
Let f = 35 - 14. Suppose -f*d + 17*d = -176. List the prime factors of d.
2, 11
Suppose 5*a = 2*v - 45, 5*v - 84 = -0*v + 3*a. Let k(c) = 9 + v + 14 - 2*c. List the prime factors of k(0).
2, 19
Let j(u) = -2*u - 13. Let h be j(6). List the prime factors of -63*(h/(-15) + -2).
3, 7
List the prime factors of (-3141)/81*-3 - (-2)/(-6).
2, 29
Let b(g) = -10*g + 6. Let y be b(-6). Suppose 2*u = u + y. Suppose 20 = 5*m, m + u = 5*q - 0*q. List the prime factors of q.
2, 7
Let r(n) = 16*n**3 - 7*n**2 + n - 2. What are the prime factors of r(3)?
2, 5, 37
Suppose -15*o + 4*o + 3696 = 0. List the prime factors of o.
2, 3, 7
Let b = -55 + 103. Suppose -5*c = -g - 60, 5*g = -6*c + 2*c + b. What are the prime factors of c?
2, 3
Let g(y) = 8 + 22*y + 9 + 13*y - 11*y. List the prime factors of g(5).
137
What are the prime factors of (-94 - 1/(-1))/(10/(-10))?
3, 31
Let j = -143 - -147. Suppose 0 = 2*a - 5*n - 588, -j*n - 889 = -3*a - 0*a. List the prime factors of a.
13, 23
Let d(z) = -z**2 + 8*z - 4. Let s(v) = 2*v + 16. Let n be s(-6). List the prime factors of d(n).
2, 3
Let z = -260 - -666. Suppose -4*o = -18*o + z. List the prime factors of o.
29
Let r(w) = 53*w**2 - 2*w - 1. Let j be r(-1). Suppose -3*y - 23 = -23. Suppose -c = 1, -s + y*s = -c - j. List the prime factors of s.
53
Suppose 2*u - 6*u = 5*v, -5*v = -3*u. Suppose 2*o + 2*o - 588 = v. What are the prime factors of o?
3, 7
Suppose 2*s = 8 + 86. Suppose 4*j + 57 + s = 4*f, 4*j + 126 = 5*f. What are the prime factors of f?
2, 11
Suppose -4*t + 903 = -1685. List the prime factors of t.
647
Suppose 4*d = -4*y + 1516, 3*d = 2*y - 6*y + 1138. Suppose -10*s - d = -7*s. What are the prime factors of (-10)/50 - s/5?
5
Let x(l) = 94 - 4*l - 4*l + 3*l - 90. What are the prime factors of x(-7)?
3, 13
Suppose 11*s - 3*j - 997 = 6*s, -4*s - 3*j + 803 = 0. What are the prime factors of s?
2, 5
Let a(w) = -10*w**3 + 4*w**2 - w - 3. What are the prime factors of a(-3)?
2, 3, 17
Suppose 486 = f - 4*r, -49*f = -47*f - 4*r - 964. List the prime factors of f.
2, 239
Suppose 0 = -3*a - m + 2030, 5*a = a + 3*m + 2685. Suppose -5*w - 3*q - 104 = -a, 0 = -w + 4*q + 128. What are the prime factors of w?
2, 29
Let f be 6/(-2) - -47 - -2. Suppose k - f = -3*k + 2*d, 5*d = -4*k + 39. Suppose 4 + k = 5*h. List the prime factors of h.
3
Let u(q) = q**3 - 12*q**2 + 19*q + 13. Let p(d) = d + 9. Let o be p(2). What are the prime factors of u(o)?
101
Let q(z) = z**3 + 16*z**2 - 57*z - 20. What are the prime factors of q(-16)?
2, 223
Let o = 193 - 49. Suppose 4*q - 94 - 118 = j, 0 = 3*q + 3*j - o. List the prime factors of q.
2, 13
Let h be ((-3)/4)/(15/(-100)). Let j be -1 + h + (-4)/4. Suppose 0 = -2*b + j + 101. What are the prime factors of b?
2, 13
Let w be 2/(-4) + 5/2. Suppose -4*z - w*z + 78 = 0. List the prime factors of z.
13
Let j be (-1 + 2)/(1/9). Let y = j - -75. Suppose -2*k = -2*u - y, -3*u = -4*k - u + 170. List the prime factors of k.
43
Suppose 4*d = 7*d - 12. Let t = d - 10. Let g(f) = f**2 + 5*f + 11. List the prime factors of g(t).
17
Suppose -4 = -3*x - 37. Let d(k) = k**3 + 11*k**2 - 3*k - 9. Let v be d(x). Suppose -5*l = 2*g - v, 16 + 11 = 5*l + g. List the prime factors of l.
2, 3
Let g be (1 - 1)*(0 + 0 + -1). Suppose -4*v = -3*q + 92 - 247, 4*v + 2*q - 130 = g